111.
17, 25265183
What are the prime factors of 197653858?
2, 23, 4296823
What are the prime factors of 1611357736?
2, 23, 8757379
What are the prime factors of 27919197?
3, 1217, 2549
List the prime factors of 1999400039.
7, 13, 17, 19, 68023
List the prime factors of 153828180.
2, 3, 5, 11, 19, 29, 47
List the prime factors of 7456316.
2, 7, 266297
What are the prime factors of 48432149?
37, 1308977
List the prime factors of 2562731702.
2, 13127, 97613
List the prime factors of 166299630.
2, 3, 5, 7, 29, 47, 83
What are the prime factors of 82105703?
82105703
List the prime factors of 5396737941.
3, 7, 17, 19, 73, 173
List the prime factors of 47046202.
2, 7, 3360443
List the prime factors of 11977865.
5, 43, 55711
What are the prime factors of 3174825802?
2, 1587412901
What are the prime factors of 1338583?
251, 5333
What are the prime factors of 108947440?
2, 5, 7, 257, 757
What are the prime factors of 29703112?
2, 3712889
What are the prime factors of 159405894?
2, 3, 983987
What are the prime factors of 1478526751?
13, 503, 17393
What are the prime factors of 126743556?
2, 3, 10561963
List the prime factors of 63831071.
61, 547, 1913
List the prime factors of 1091332846.
2, 545666423
What are the prime factors of 3994506431?
3994506431
List the prime factors of 2394952281.
3, 1637, 162557
List the prime factors of 78039171.
3, 7, 1238717
List the prime factors of 1063769316.
2, 3, 293, 302551
What are the prime factors of 141775664?
2, 29, 305551
What are the prime factors of 455127282?
2, 3, 107, 227, 347
List the prime factors of 600685284.
2, 3, 67, 541, 1381
List the prime factors of 132859254.
2, 3, 11, 2013019
What are the prime factors of 57153698?
2, 7, 643, 907
What are the prime factors of 620185446?
2, 3, 34454747
What are the prime factors of 2111422994?
2, 19, 401, 138563
List the prime factors of 2815627219.
179, 15729761
What are the prime factors of 141226146?
2, 3, 2615299
List the prime factors of 1036453239.
3, 647, 19777
What are the prime factors of 1154058329?
61, 643, 29423
List the prime factors of 7034026591.
7034026591
What are the prime factors of 15627090?
2, 3, 5, 173, 3011
List the prime factors of 5260104274.
2, 29, 90691453
List the prime factors of 147415233.
3, 7, 7019773
List the prime factors of 142566784.
2, 29, 193, 199
List the prime factors of 2778875397.
3, 59, 1744429
List the prime factors of 501364843.
7, 71623549
List the prime factors of 119942166.
2, 3, 193, 103577
List the prime factors of 3439240100.
2, 5, 409, 84089
What are the prime factors of 280340745?
3, 5, 18689383
What are the prime factors of 100220445?
3, 5, 13, 171317
What are the prime factors of 469294904?
2, 13, 4512451
List the prime factors of 2363687524.
2, 11, 2857, 18803
What are the prime factors of 24792132?
2, 3, 233, 8867
List the prime factors of 7079651111.
13, 544588547
What are the prime factors of 31405048?
2, 3925631
What are the prime factors of 43505012?
2, 10876253
List the prime factors of 2040142216.
2, 7, 36431111
List the prime factors of 1107049869.
3, 23, 1782689
What are the prime factors of 90398423?
29, 3117187
List the prime factors of 48026646.
2, 3, 163, 16369
What are the prime factors of 80330595?
3, 5, 61, 87793
What are the prime factors of 1222112989?
71, 17212859
List the prime factors of 2045242243.
11, 185931113
List the prime factors of 3113892501.
3, 19, 59, 48733
What are the prime factors of 4106484040?
2, 5, 127, 808363
What are the prime factors of 1275836065?
5, 7, 269, 135511
What are the prime factors of 54443240?
2, 5, 1361081
List the prime factors of 338393009.
37, 1303, 7019
What are the prime factors of 110963476?
2, 13, 929, 2297
List the prime factors of 1343796414.
2, 3, 37, 151, 40087
What are the prime factors of 395619732?
2, 3, 127, 86531
What are the prime factors of 1277819314?
2, 17, 4421, 8501
List the prime factors of 7074145516.
2, 43, 211, 421, 463
What are the prime factors of 3101228?
2, 13, 23, 2593
What are the prime factors of 46707771?
3, 11, 1415387
What are the prime factors of 4063626734?
2, 2031813367
What are the prime factors of 64457206?
2, 11, 79, 37087
List the prime factors of 31150532.
2, 7, 1112519
What are the prime factors of 4361920511?
13, 53, 6330799
List the prime factors of 42149264.
2, 337, 7817
List the prime factors of 5946444148.
2, 1486611037
What are the prime factors of 543735681?
3, 59, 52067
What are the prime factors of 452942713?
17, 47, 67, 8461
What are the prime factors of 558869600?
2, 5, 353, 1979
List the prime factors of 82077272.
2, 10259659
List the prime factors of 229084.
2, 57271
What are the prime factors of 13360341?
3, 107, 41621
List the prime factors of 1581096245.
5, 23, 13748663
List the prime factors of 41883730.
2, 5, 7, 12211
List the prime factors of 698976311.
11, 63543301
What are the prime factors of 272001311?
4673, 58207
What are the prime factors of 2025769338?
2, 3, 31, 227, 1777
List the prime factors of 44396715.
3, 5, 11, 61, 401
What are the prime factors of 2248248152?
2, 97, 2897227
What are the prime factors of 11575118?
2, 23, 29, 8677
What are the prime factors of 48555817?
61, 795997
What are the prime factors of 1253018667?
3, 31, 43, 313333
What are the prime factors of 42069554?
2, 79, 149, 1787
What are the prime factors of 254590897?
11, 2104057
List the prime factors of 336922075.
5, 7, 1069, 1801
List the prime factors of 6340248773.
6340248773
List the prime factors of 133788318.
2, 3, 967, 23059
What are the prime factors of 20634711?
3, 43, 103, 1553
What are the prime factors of 2560924109?
47, 131, 415937
List the prime factors of 264888102.
2, 3, 23, 1919479
List the prime factors of 1660112043.
3, 6911, 80071
What are the prime factors of 49448884?
2, 12362221
List the prime factors of 62603291.
31, 2019461
List the prime factors of 3121194108.
2, 3, 509, 511001
List the prime factors of 924697006.
2, 89, 5194927
What are the prime factors of 1130434036?
2, 29, 47, 207343
List the prime factors of 25155536.
2, 7, 224603
List the prime factors of 46961848.
2, 43, 211, 647
What are the prime factors of 2312069648?
2, 7, 733, 28163
What are the prime factors of 5437564057?
37889, 143513
What are the prime factors of 2108100040?
2, 5, 5479, 9619
List the prime factors of 67601394.
2, 3, 7, 53, 191
List the prime factors of 2505487358.
2, 11, 3407, 33427
What are the prime factors of 77414239?
7, 11059177
List the prime factors of 1324203776.
2, 7, 738953
List the prime factors of 680435551.
997, 682483
What are the prime factors of 402737223?
3, 7, 391387
List the prime factors of 112037693.
269, 416497
What are the prime factors of 1446972870?
2, 3, 5, 7, 67, 102841
What are the prime factors of 3675283310?
2, 5, 587, 626113
What are the prime factors of 65873694?
2, 3, 107, 102607
List the prime factors of 124784514.
2, 3, 19, 317, 1151
List the prime factors of 1087570.
2, 5, 11, 9887
List the prime factors of 14618639.
7, 23, 29, 31, 101
List the prime factors of 1593808842.
2, 3, 265634807
List the prime factors of 554907635.
5, 19, 101, 151, 383
What are the prime factors of 151448681?
2083, 72707
List the prime factors of 84147128.
2, 13, 109, 571
List the prime factors of 6328422137.
29, 6553, 33301
What are the prime factors of 168197376?
2, 3, 389, 563
List the prime factors of 192977928.
2, 3, 11, 13, 18743
List the prime factors of 31659407.
13, 2435339
List the prime factors of 66428525.
5, 631, 4211
What are the prime factors of 1727468068?
2, 19, 43, 569, 929
List the prime factors of 36067955.
5, 7, 11, 93683
What are the prime factors of 992904239?
31, 33329
List the prime factors of 98989871.
709, 139619
List the prime factors of 580602091.
89, 6523619
What are the prime factors of 778218561?
3, 163, 619, 857
List the prime factors of 21524916.
2, 3, 7, 36607
What are the prime factors of 76866382?
2, 38433191
List the prime factors of 209682584.
2, 26210323
What are the prime factors of 30947284?
2, 389, 19889
List the prime factors of 1660004286.
2, 3, 101, 2739281
List the prime factors of 51049965.
3, 5, 1031, 3301
What are the prime factors of 280749813?
3, 93583271
List the prime factors of 705968777.
705968777
List the prime factors of 459432745.